-1128b25
In base 13, what is -2852 - -98b?
-1b94
In base 16, what is -1 - -2a74314?
2a74313
In base 2, what is -100111100011 + 110000010100?
1000110001
In base 13, what is -4222 - -27b4?
-173b
In base 9, what is 10186116 - -52?
10186168
In base 7, what is 2566 + -455203?
-452304
In base 11, what is -15a14 - -7958?
-9067
In base 15, what is ac7375 - 4?
ac7371
In base 3, what is 10 - 1022200012001002?
-1022200012000222
In base 11, what is -540681 - -2?
-54067a
In base 13, what is -14a - -1bb?
71
In base 8, what is -54 + 343603?
343527
In base 11, what is -163785 - 17?
-1637a1
In base 2, what is 1 - -111001011101100111111011?
111001011101100111111100
In base 15, what is -2a32 + 8b07?
60c5
In base 4, what is -113 + 1120210001?
1120203222
In base 6, what is -1441 - -2004134?
2002253
In base 2, what is -1110111101100 + -11111110?
-1111011101010
In base 2, what is 1 - 110110000101110110001?
-110110000101110110000
In base 9, what is 2443 + -7424?
-4871
In base 6, what is -2303 - 344014?
-350321
In base 12, what is -b446 - -15b5?
-9a51
In base 13, what is 3 + 835845?
835848
In base 5, what is -432 - 224213020?
-224214002
In base 5, what is -10 + 14123104120?
14123104110
In base 13, what is -1b7 - -8430?
8246
In base 6, what is -215234 - 30451?
-250125
In base 2, what is 10100 - -1010001101010010111110000?
1010001101010011000000100
In base 6, what is -120235 - -30514?
-45321
In base 13, what is 2 + -46acac5?
-46acac3
In base 3, what is 120022022112021 - 12?
120022022112002
In base 14, what is 2d978 + -200b?
2b96b
In base 4, what is -233213023223 - -3?
-233213023220
In base 12, what is -19b37 - -39?
-19aba
In base 5, what is -330133 + 310?
-324323
In base 8, what is 3 - 2705504?
-2705501
In base 11, what is 156a2882 - 3?
156a287a
In base 14, what is 1823cd6 - 2?
1823cd4
In base 11, what is 3a0 - 462a?
-423a
In base 7, what is 10132 + -23466?
-13334
In base 4, what is 32023112 - 231220?
31131232
In base 13, what is -10b8b - 6057?
-16c15
In base 9, what is 26138654 - -24?
26138678
In base 10, what is -4764704 - 0?
-4764704
In base 12, what is 1bb + 41a66?
42065
In base 12, what is a64 - -8392?
9236
In base 10, what is -7 + 78606?
78599
In base 3, what is -2212 - 21011122011?
-21011202000
In base 4, what is -1132023232 - -100333?
-1131322233
In base 6, what is 114 - -13114511?
13115025
In base 13, what is -1478493a + -2?
-1478493c
In base 9, what is -560 - -2140?
1470
In base 2, what is -1 - 1100111001000001000110110?
-1100111001000001000110111
In base 6, what is 555211 + -31?
555140
In base 11, what is -662 - 12303?
-12965
In base 2, what is -11101111011001 + 11001110?
-11101100001011
In base 14, what is ba006 - -1dd?
ba205
In base 13, what is -24 - -47a25?
47a01
In base 15, what is 29b - 64e0?
-6244
In base 7, what is -10 - 564355?
-564365
In base 14, what is -5d1 + -2c8d?
-3480
In base 15, what is 4db - -30e3?
35ce
In base 15, what is 7937c6 + 19?
7937e0
In base 7, what is 16564 - 1455142?
-1435245
In base 6, what is -1124302 + -132?
-1124434
In base 15, what is 15e6d4 + 1d?
15e702
In base 16, what is 3 + 8c3c9?
8c3cc
In base 4, what is 21222130302 + 13?
21222130321
In base 5, what is -3340 + -243314?
-302204
In base 2, what is 10100000 + 1101001000011011?
1101001010111011
In base 16, what is -75c - -26d0?
1f74
In base 9, what is 60 - 535761?
-535701
In base 9, what is -10 + -2633740?
-2633750
In base 16, what is a2 + -3b2ef8?
-3b2e56
In base 9, what is 10 - 10721?
-10711
In base 13, what is -13a3898 + 7a?
-13a381b
In base 3, what is -102001112011110 + -22?
-102001112011202
In base 6, what is 144 + 21211412?
21212000
In base 16, what is 109cc39 - -d?
109cc46
In base 16, what is -5 + 1b24b7?
1b24b2
In base 6, what is -113130 + -50453?
-204023
In base 13, what is -15225c8 - 1a?
-1522615
In base 11, what is 1716797 + -a8?
171669a
In base 13, what is 47 + b7c95?
b800c
In base 15, what is 226eae + 7?
226eb6
In base 4, what is 10113213112303 + -3?
10113213112300
In base 11, what is 19772 - -97?
19859
In base 13, what is 64a - -6092?
670c
In base 13, what is -19189 + 29a0?
-164b9
In base 13, what is 15669 + 19356?
319c2
In base 15, what is c - -194a51?
194a5d
In base 7, what is -4655362 - -116?
-4655243
In base 2, what is -100110000101010 + -110100100?
-100110111001110
In base 11, what is -7168 - -1400?
-5868
In base 15, what is -1 + 827803?
827802
In base 9, what is 77012866 - 3?
77012863
In base 4, what is -223 - 10000233313?
-10000300202
In base 13, what is -3 - 11bc85?
-11bc88
In base 15, what is 3 + 4533b58?
4533b5b
In base 12, what is -73a2 + -3300?
-a6a2
In base 5, what is 340424112 + -1001?
340423111
In base 2, what is -1100101000111011111111 + 11?
-1100101000111011111100
In base 2, what is -1001110001111100101001101111 + 10?
-1001110001111100101001101101
In base 5, what is 121 - 322231400?
-322231224
In base 2, what is 101100 + 1110010001001001?
1110010001110101
In base 14, what is 439d33 + 1b9?
43a10c
In base 6, what is -32542 + -1125135?
-1202121
In base 11, what is -3 - -31256797?
31256794
In base 6, what is 53442541 + 3?
53442544
In base 3, what is 10201202201 + -101222?
10201100202
In base 13, what is 0 - -682866?
682866
In base 13, what is 8 + 5052537?
5052542
In base 7, what is 54 - -1023330?
1023414
In base 7, what is -60 + 362524615?
362524525
In base 14, what is 5 - 3d6d87?
-3d6d82
In base 4, what is -1323032131113 - -2?
-1323032131111
In base 8, what is 2017 - -4106?
6125
In base 13, what is 17 + 827062?
827079
In base 5, what is 101 + -232041310?
-232041204
In base 9, what is -2175716 + -24?
-2175741
In base 4, what is 30302310313200 + -2?
30302310313132
In base 2, what is 1110110 + -10100000111010000?
-10100000101011010
In base 7, what is -55316211612 - -5?
-55316211604
In base 10, what is -147 - 41455?
-41602
In base 12, what is 730b89b1 - 4?
730b89a9
In base 14, what is 0 + 1092b340?
1092b340
In base 10, what is 55 + -640621?
-640566
In base 8, what is 110025 - -2343?
112370
In base 4, what is -2312311 + 30231?
-2222020
In base 15, what is -1ca2 + -6093?
-7d45
In base 15, what is -71702 - 84?
-71786
In base 4, what is -2010212022312 - 0?
-2010212022312
In base 6, what is -23121 + -33035?
-100200
In base 12, what is -181 - -9?
-174
In base 7, what is -1550 - 1626?
-3506
In base 5, what is -402143440104 + 4?
-402143440100
In base 9, what is -4 - 5074831?
-5074835
In base 8, what is 33314 - 2032?
31262
In base 10, what is 961 - 13534?
-12573
In base 14, what is -10d4160 + 12?
-10d414c
In base 8, what is -5 + -231272376?
-231272403
In base 11, what is -a2a378 - -a?
-a2a369
In base 14, what is -714ad + -40?
-7150d
In base 12, what is 954 - 747?
209
In base 4, what is -112 - 1020313320300?
-1020313321012
In base 12, what is 595 + 1516?
1aab
In base 12, what is 27671 + 217a?
2982b
In base 8, what is -13 + -304607?
-304622
In base 8, what is -7402272 + 2?
-7402270
In base 7, what is -3 - 50066261?
-50066264
In base 6, what is 40250 + 520123?
1000413
In base 10, what is -20982 + 43980?
22998
In base 14, what is -c12 + -9bb?
-17cd
In base 9, what is -13121 - 1405?
-14526
In base 9, what is -418174 - -837?
-417236
In base 8, what is -4626230 + 205?
-4626023
In base 8, what is 2775 + 51351?
54346
In base 7, what is -23 + 46235643?
46235620
In base 3, what is 1021210211200020 - -10220?
1021210211211010
In base 8, what is -5 - 226035164?
-226035171
In base 13, what is -45 - 109a?
-1112
In base 15, what is 11963d0 - -5?
11963d5
In base 5, what is 1134423 - -423321?
2113244
In base 8, what is -26025541 - 1?
-26025542
In base 15, what is -13c + -695c8?
-69715
In base 12, what is -3958 + 224?
-3734
In base 10, what is -5831317 + -1?
-5831318
In base 4, what is 1133 - -20233001200?
20233002333
In base 8, what is 36206 + -3043?
33143
In base 10, what is -2 + -82449984?
-82449986
In base 15, what is 0 - -90e94?
90e94
In base 13, what is -82988 - 3?
-8298b
In base 12, what is -954 - -32a55?
32101
In base 7, what is -20 - 554424?
-554444
In base 10, what is -84 - -1500802?
1500718
In base 14, what is 196689 - -d?
196698
In base 8, what is -127 + 1646301?
1646152
In base 2, what is -1011110001111 - -1010101000?
-1010011100111
In base 16, what is -820 + 16fef?
167cf
In base 10, what is -6 + 140835?
140829
In base 15, what is b5b + -2a4?
8a7
In base 11, what